-105)/(-28))/5 + (-10)/2. Let q(d) = -d**3 - 7*d**2 + 12*d + 37. Give q(y).
5
Let s(k) be the third derivative of 2*k**2 - 6*k - 1/12*k**4 + k**3 + 0. Calculate s(6).
-6
Let s(i) be the second derivative of -i**4/12 + 3*i**3/2 + 95*i**2/2 - 942*i. Determine s(-6).
5
Let m(c) = 10*c**2 - 44*c**2 - 2*c + 33*c**2. Determine m(-2).
0
Let h(s) = 29*s + 38*s**2 + 52 - 18*s + 9*s - 37*s**2. Calculate h(-18).
16
Let c(x) = -x**2 - 5*x + 2. Let t be -5 - 406/(-42) - (-10)/(-6). Give c(t).
-22
Let g(q) = q**2 + 3*q - 7. Let t(j) = -j**2 + 12*j + 112. Let w be t(18). Suppose a + 4*a = -w*o - 13, a = -2*o + 1. Determine g(a).
3
Suppose -112*w + 25 = 68 + 69. Let a(t) = -6*t**3 - t**2 - 3*t - 2. Give a(w).
6
Let n(k) be the first derivative of -k**4 - k**3/3 - k**2 - 2*k + 783. Give n(-2).
30
Let h(u) = u**3 + 6*u**2 - 5*u + 10. Let l(b) = b**3 - 6*b**2 + 4*b + 1. Let f be l(4). Let w(s) = -s**3 - 17*s**2 - 31*s - 22. Let q be w(f). Determine h(q).
-4
Let k(g) = -34*g + 230. Let s(z) = -3*z + 6. Let l(r) = k(r) - 6*s(r). What is l(11)?
18
Let j be -1*(-4 - (10 + -1)). Let o(z) = -3*z**2 + j*z - 8*z**2 - 3*z + 0*z - 2*z + z**3 + 9. Determine o(10).
-11
Let t(b) be the first derivative of -b**4/4 + 5*b**3/3 + 2*b**2 + 7*b + 11. Let g = 16 - 20. Let o be (-1)/(g/12) + 3/1. Give t(o).
-5
Let z be 1/((24/10)/12). Let v(d) = d**3 - 7*d**2 + 7*d + 1. Give v(z).
-14
Let t be ((-4)/6)/((-6)/(-45)). Let b(n) be the third derivative of n**6/120 + 7*n**5/60 + 7*n**4/24 + n**3/3 + 9*n**2 + 2*n - 48. What is b(t)?
17
Let q(m) = 11*m**2 + 2*m + 64. Let a(s) = 2*s**2 - s - 2. Let n(d) = -6*a(d) + q(d). Calculate n(13).
11
Suppose -h - 4 + 3 = v, 2*h = 2*v + 2. Let i(y) = -5*y + 4. Calculate i(v).
9
Let q be 2 - (-3 + 12/3). Suppose 3*g = 3*a, g + 4*a + q = -4. Let v(x) = -16*x**3 + x**2 + x + 1. Give v(g).
17
Let o(y) = -21*y**2. Let q = -429 + 982. Let s = -554 + q. Calculate o(s).
-21
Suppose 4*t + 317 = 357. Suppose t - 2 = 8*b. Let j(c) = 7*c**2 + 2. Let y(i) = -i**2 - 1. Let g(s) = -j(s) - 2*y(s). Calculate g(b).
-5
Let o(p) be the third derivative of p**6/120 - 23*p**5/60 + 41*p**4/24 + 2*p**3 + 811*p**2 - p. Determine o(21).
-9
Let p(k) = -k**3 + 172*k**2 - 1920*k + 6. Let y be p(160). Let n(f) = 5*f**3 - 28*f**2 - 14*f + 12. Calculate n(y).
0
Let u(d) = -3*d**3 + 72*d**2 + 16*d - 21. Let s(x) = 2*x**3 - 41*x**2 - 7*x + 10. Let r(v) = -5*s(v) - 3*u(v). Give r(-9).
-32
Let c(a) be the first derivative of a**3/3 + 9*a**2/2 - 2*a + 880. What is c(-8)?
-10
Let f(l) be the second derivative of -9/2*l**2 - 5*l + 1/20*l**5 + 0*l**3 + 1 + 5/6*l**4. Give f(-10).
-9
Let c(p) = 402*p**2 - 4*p - 30. Let y(b) = -301*b**2 + 5*b + 23. Let m(w) = 3*c(w) + 4*y(w). Let t be (-2)/(-8) + 50/(-8). Calculate m(t).
26
Let a(t) = t**3 - 7*t**2 - 2*t - 3. Suppose 42 = 7*z - 14. Suppose 2*f = z, -5*u + 2*f + 1 = -26. Determine a(u).
-17
Suppose 176 + 99 = -55*b. Let a(w) = -w**3 - 6*w**2 - w + 16. Calculate a(b).
-4
Let p be (12/(-14))/(86/(-301)). Let w(z) be the second derivative of -z**4/3 + 5*z**3/6 - 2*z**2 - 8*z. Calculate w(p).
-25
Let u(p) = -2*p**2 + 4*p + 15. Let g(d) = -4*d**2 + 7*d + 37. Let t(i) = -4*g(i) + 9*u(i). Calculate t(4).
-13
Let g(n) = -5*n**2 + 1. Let f be (6/(-4))/((-87)/(-232)). Let t(q) = -10*q - 39. Let c be t(f). Calculate g(c).
-4
Let l be (-276)/8 + 12/8. Let i be (1 - -5)*l/(-99). Let h(n) = 2*n**2 - 5*n + 4. Calculate h(i).
2
Let s(i) = -i + 142. Let n(j) = 122. Let c(y) = 6*n(y) - 5*s(y). What is c(0)?
22
Suppose -2*d - 41 - 20 = -3*f, 0 = f - 3*d - 18. Let p = f + 28. Let i = p - 50. Let l(m) = m + 1. Determine l(i).
0
Let z(o) be the second derivative of o**7/630 + o**6/144 + o**5/20 - 55*o**4/3 - 67*o. Let s(u) be the third derivative of z(u). Calculate s(-3).
27
Let z(v) = -v**2 + 2*v - 1. Let t be (-39)/4 + (-3 - 55/(-20)). Let q = 8 - t. Let k = q - 15. Determine z(k).
-4
Let r(p) = -18*p**2 - 6*p - 1. Let o(i) = -7*i**2 - i + 2. Let l(d) = 16*d**2 + 3*d - 3. Let u(f) = -3*l(f) - 5*o(f). Let a(b) = 5*r(b) - 7*u(b). What is a(3)?
5
Let s(o) = o**2 - o + 116. Suppose -167*n + 150*n - 412*n = 0. Calculate s(n).
116
Let o(a) = a**2 - 7*a - 43. Suppose -24*x - 15*x - 42 = -32*x. Calculate o(x).
35
Let t be (742/424 + (-1)/4)*10/3. Let y(s) = s**3 - 3 - 10*s**2 + 0*s**3 + 4*s**2 - 4 + 8*s. What is y(t)?
8
Suppose 4*n = -h - 13, -7*n + 2*n = 10. Let p = 11 - 10. Let c(k) = -k + 3 + p - 1. What is c(h)?
8
Let m(a) = -6*a**2 + 8*a - 9. Let n = -578 + 579. Determine m(n).
-7
Let v(w) = 2*w - 1. Let m be (-4)/10*(-15)/(-3) + 0. Let n(r) = r**3 + 3*r**2 + r + 1. Let o be n(m). What is v(o)?
5
Let t(r) be the first derivative of -r**3/3 - 2*r**2 + 4*r + 9954. What is t(1)?
-1
Let j(c) = -c - 45. Let b be 123/697 - (-6)/(-34). Determine j(b).
-45
Let x(z) = 3*z**3 + 27*z**2 + 23*z - 1. Let u(m) = m**3 + 9*m**2 + 8*m. Let j(h) = 7*u(h) - 2*x(h). Let y be (-4)/14 - (0 + (-329)/(-49)). What is j(y)?
30
Let v be (-3 + -2)*-6*14/105. Suppose -3*g - 24 = -p - 2*p, -3*p + 24 = v*g. Let x(u) = u + 8. Give x(p).
16
Suppose 10*i - 6*i = -11*i. Let m(n) = -21 + i*n + 21*n + 2*n**2 + 3*n**2 - 6*n**2. Determine m(20).
-1
Suppose 130*v = 93*v - 370. Let x(q) = 9 - 12 - 10*q**2 - 10 - q**3 - q. Calculate x(v).
-3
Suppose -7*d - 28 = -3*d. Let l(i) = 2*i**3 - i**2. Let c = -223 + 222. Let z(n) = 3*n**3 + 5*n**2 - 8*n + 2. Let h(j) = c*z(j) + l(j). Give h(d).
-9
Suppose -2*j - 17 = 5*n, -161*n + 4*j = -156*n + 11. Let o(c) = -c**2 - c - 8. Give o(n).
-14
Suppose 3*u + 5 = -5*t, 3*u - 3*t = 4*u + 3. Suppose -2*f = 4*d - 10, 2*f - 4*f + 3*d - 25 = u. Let h(l) = -l**3 - 5*l**2 - 2*l - 3. Calculate h(f).
7
Let v(s) = 4*s - 3. Suppose 4*o + 6 - 26 = 0. Let b(n) = 5*n - 3. Let y(g) = o*b(g) - 6*v(g). Suppose -21*d = -67 - 17. Calculate y(d).
7
Let z(u) = -2*u**2 + 3*u - 3. Let h(f) = 3*f**2 - 32*f - 46. Suppose 353 + 79 = 36*p. Let i be h(p). Determine z(i).
-5
Let l(f) = -3 + 1 - 7*f + 0 + 12*f. Suppose -c + 43 + 113 = -3*g, -111 = 2*g - 3*c. Let p = -48 - g. Determine l(p).
13
Let c(o) = -2*o - 6. Let m(t) be the second derivative of -t**4/3 + 16*t**3/3 + 14*t**2 + 8*t - 4. Let h be m(9). Calculate c(h).
10
Let d(n) = 36*n - 65. Let h(a) = 11*a - 19. Let i(g) = -3*d(g) + 10*h(g). Give i(1).
7
Let l be (44/8 - 3)/(60/48). Let w(k) = 2*k + 0*k - k**2 + 17*k + 0*k**l - 14 - 8*k. Determine w(11).
-14
Let z = 2675 + -2674. Let m(y) = 15*y**2 + 3*y - 2. Give m(z).
16
Suppose 3*l = 17 - 2. Suppose l*x = x - 2*x. Suppose -2*n - 3*q + 5 = 0, -2*n + 2*q + x*q = 0. Let h(o) = 9*o**3 + o**2 - 1. Give h(n).
9
Let p(d) be the second derivative of d**3/6 + 6*d**2 - 469*d. Suppose 2 = c + 10. Let u be p(c). Let l(x) = x**2 - 3*x + 4. Determine l(u).
8
Suppose 0 = 48*a - 51*a - 4*o + 10, -2*a + 3*o = -18. Let g(x) = 6*x - 37. Give g(a).
-1
Let l(a) be the third derivative of a**6/120 - a**5/120 - a**4/12 + 13*a**3/3 - 16*a**2 - 7. Let f(v) be the first derivative of l(v). What is f(-3)?
28
Suppose -360 = 53*o - 95. Let w(f) = 15*f**2 + 77*f + 6. Determine w(o).
-4
Suppose 2*k + 23 - 11 = 0. Let y(b) = -25*b - 14. Let q(n) = -19*n - 13. Let u(s) = 4*q(s) - 3*y(s). Calculate u(k).
-4
Let v(a) = 0 + 21*a**2 + 11 - 2 + 3*a - 2*a - 25*a**2 - a**3. Suppose 28 - 108 = 20*b. Determine v(b).
5
Let d(j) = -2*j**3 - 3*j**2 - 5*j - 2. Let u(t) = 5*t**2 - t + 26. Let q be u(4). Suppose q*n - 104*n = 6. Determine d(n).
40
Let r(p) = 2*p + 1. Let u(j) = 2*j**2 + 18 + 537*j - 258*j - 243*j. Let z(n) = -36*r(n) + 2*u(n). Determine z(-1).
4
Let b(m) = -2*m + 1. Suppose 0 = -24*d - 156 + 444. Let r(f) = 2*f**3 - 23*f**2 - 10*f - 12. Let i be r(d). Determine b(i).
-23
Let l(n) = 6*n**2 - 3*n + 2. Let c(f) = f**2. Suppose -8 = i + 9. Let o = i - -22. Let u(t) = o*c(t) - l(t). What is u(3)?
-2
Let d(y) = -y - 7. Let o = 4008 + -4009. Calculate d(o).
-6
Let q(u) = -5*u**2 - 18*u + 16. Let k(r) = 3*r**2 + 12*r - 11. Suppose -2*b + 7*b + 3*g + 40 = 0, -4*b - 3*g = 32. Let p(l) = b*k(l) - 5*q(l). Calculate p(8).
24
Let a(i) = -i**3 - 72*i**2 - 338*i - 208. Let y be a(-67). Let o(v) = -v - 5. Give o(y).
2
Let j(z) = -z**3 + z + 13. Suppose 54 = 15*u - 21. Let w(r) = r**2 - 8*r + 15. Let a be w(u). Give j(a).
13
Let n(c) = -c**3 - 43*c**2 - 82*c + 1. Let f = 10916 - 10957. Calculate n(f).
1
Let q = 23 - 16. Let c(d) be the t